3 + -432?
-435
In base 15, what is a - -58?
63
In base 9, what is -14 - 631?
-645
In base 12, what is 42 + -2?
40
In base 9, what is -7 + 6?
-1
In base 15, what is -274 - 1?
-275
In base 14, what is -25 + 4d?
28
In base 10, what is -3 + -6144?
-6147
In base 11, what is -39 + 39?
0
In base 16, what is -3c + -7?
-43
In base 5, what is 4 + 31421?
31430
In base 10, what is -446 - 5?
-451
In base 16, what is 3 + -4b?
-48
In base 2, what is -10001011 - -10?
-10001001
In base 11, what is 1 + -99?
-98
In base 4, what is 1110 + 0?
1110
In base 14, what is -48 + -4?
-4c
In base 11, what is 271 - 0?
271
In base 14, what is -4 - -7c2?
7bc
In base 10, what is 76 + -13?
63
In base 3, what is 21200 + 11?
21211
In base 14, what is 80 + 5?
85
In base 7, what is 55 + 41?
126
In base 6, what is -2334 + 4?
-2330
In base 10, what is -2 + -270?
-272
In base 7, what is 66 - -231?
330
In base 5, what is 403 + -4?
344
In base 8, what is 1526 - -2?
1530
In base 13, what is 8cc + -4?
8c8
In base 15, what is -3 + -1818?
-181b
In base 4, what is 1 + 22030?
22031
In base 16, what is -687 - -6?
-681
In base 13, what is 28 - c?
19
In base 11, what is -5 + 1525?
1520
In base 12, what is -1 + -76?
-77
In base 3, what is -21 + 221?
200
In base 2, what is -1010 - -10111?
1101
In base 16, what is -100 + -8?
-108
In base 5, what is 233 + -4?
224
In base 4, what is 1200 + -32?
1102
In base 4, what is 31300 + -10?
31230
In base 12, what is -5a47 - -2?
-5a45
In base 14, what is 109 + 5?
110
In base 11, what is 4 - -6a?
73
In base 14, what is 1 + 19?
1a
In base 2, what is 10 + -10101?
-10011
In base 4, what is -13 - -2230?
2211
In base 8, what is -303 + 2?
-301
In base 5, what is 240 + 203?
443
In base 7, what is 134 + 10?
144
In base 4, what is 2112 - -10?
2122
In base 6, what is 2334 + 31?
2405
In base 10, what is 6 + 802?
808
In base 15, what is 1e + -26?
-7
In base 6, what is 3 + 2322?
2325
In base 15, what is 4 - 43?
-3e
In base 14, what is -2bc - 1?
-2bd
In base 3, what is -1010 + -11?
-1021
In base 15, what is -b64 + -1?
-b65
In base 6, what is 12 - -4?
20
In base 3, what is -102 - 10?
-112
In base 10, what is -33 - 18?
-51
In base 16, what is 1 - -102?
103
In base 11, what is -2 + 985?
983
In base 15, what is -5 + 13?
d
In base 9, what is -5 + -664?
-670
In base 16, what is -4 - 3c?
-40
In base 13, what is a0 - -1?
a1
In base 11, what is -1 - 828?
-829
In base 13, what is -16 + -b?
-24
In base 8, what is 6224 + -4?
6220
In base 3, what is -112111 + -1110?
-120221
In base 13, what is -1995 - -3?
-1992
In base 10, what is -32 + -70?
-102
In base 15, what is 5 - -30?
35
In base 9, what is 108 - 1?
107
In base 4, what is 1102 - -1121?
2223
In base 2, what is -1110101010011 - 1?
-1110101010100
In base 13, what is 0 - -1b06?
1b06
In base 7, what is -6 + 513?
504
In base 9, what is -32 - -4?
-27
In base 7, what is -102 - 64?
-166
In base 2, what is -111101010 - -100100?
-111000110
In base 11, what is 4 + -a4a?
-a46
In base 14, what is -4 - 41?
-45
In base 8, what is 41446 + -1?
41445
In base 6, what is -1242 - -4?
-1234
In base 9, what is 306 + 3?
310
In base 7, what is -1606 - -35?
-1541
In base 11, what is -107 + -4?
-110
In base 15, what is 1d47 - -4?
1d4b
In base 16, what is 3 - -16?
19
In base 9, what is -167 + 41?
-126
In base 8, what is 1027 - -3?
1032
In base 14, what is -777 + 2?
-775
In base 14, what is 3 + -318?
-315
In base 9, what is -1 + 712?
711
In base 15, what is -889 - 2?
-88b
In base 11, what is 1586 + 5?
1590
In base 13, what is 2291 - 0?
2291
In base 10, what is 17 - 24?
-7
In base 3, what is -1 - 121202?
-121210
In base 7, what is -11504 - -1?
-11503
In base 13, what is 762 + -4?
75b
In base 10, what is 0 + 2478?
2478
In base 2, what is 101 - -100011110?
100100011
In base 12, what is -3 + -1208?
-120b
In base 10, what is 4 + -52?
-48
In base 4, what is 1033 + 32?
1131
In base 13, what is 8 - 24?
-19
In base 4, what is -2 + -32?
-100
In base 2, what is 11100100011 + 10?
11100100101
In base 10, what is 5 - -76?
81
In base 7, what is 4 + -3214?
-3210
In base 16, what is -1fd2 - -5?
-1fcd
In base 3, what is 2 + 1221?
2000
In base 15, what is 2 + -147?
-145
In base 11, what is -147 + 66?
-91
In base 10, what is -1 + -78?
-79
In base 6, what is -1 - 1543?
-1544
In base 10, what is 3190 + 2?
3192
In base 9, what is -4 - -2568?
2564
In base 15, what is -114 + 5?
-10e
In base 2, what is -100 + -1110010?
-1110110
In base 7, what is 2 - -61?
63
In base 11, what is -4 - -1162?
1159
In base 13, what is 57 - -32?
89
In base 5, what is 3 - -32?
40
In base 6, what is -31 + 0?
-31
In base 16, what is -3 + a0?
9d
In base 11, what is -4 - -261?
258
In base 10, what is 10 + 7?
17
In base 4, what is -3 + -200?
-203
In base 6, what is 54 - -3?
101
In base 2, what is 110001 + 1?
110010
In base 3, what is -10111 - -12?
-10022
In base 7, what is -64 - -6?
-55
In base 13, what is 3 + 101?
104
In base 7, what is 1 - -100?
101
In base 12, what is -9 + 9?
0
In base 10, what is -4 + 132?
128
In base 11, what is 74 - -2?
76
In base 5, what is -2132 + -1?
-2133
In base 8, what is -2 + 2664?
2662
In base 8, what is 12072 + 2?
12074
In base 2, what is -101 + -100100100001?
-100100100110
In base 13, what is -9a - 23?
-c0
In base 8, what is 2103 - 3?
2100
In base 4, what is -12222 + -32?
-12320
In base 11, what is a906 - 3?
a903
In base 3, what is -10220210 + -10?
-10220220
In base 7, what is -43205 - -4?
-43201
In base 12, what is 4 - -16b?
173
In base 8, what is 67 + 0?
67
In base 3, what is -1000110 - -21?
-1000012
In base 11, what is 790 - -4?
794
In base 15, what is 13 - -61?
74
In base 16, what is -8 + -42?
-4a
In base 14, what is 2353 - 5?
234c
In base 16, what is 5 + 13b6?
13bb
In base 5, what is -122 + 200?
23
In base 10, what is 39 + -270?
-231
In base 14, what is -25b + -4?
-261
In base 3, what is 110011 + -1?
110010
In base 11, what is 12 - 5?
8
In base 13, what is -3a - -29?
-11
In base 2, what is -11100111 + 0?
-11100111
In base 8, what is -5 - -24?
17
In base 10, what is -3 - 81?
-84
In base 13, what is 5 + 2?
7
In base 16, what is 1a + -109?
-ef
In base 7, what is -3 - 20?
-23
In base 13, what is b + -329?
-31b
In base 2, what is 1 + -101011?
-101010
In base 11, what is -405 + 1?
-404
In base 15, what is 6 + 17b?
182
In base 5, what is 312 - -43?
410
In base 16, what is 1 + -3c?
-3b
In base 10, what is 8 - 777?
-769
In base 12, what is -2 + -325?
-327
In base 9, what is -4 - -735?
731
In base 10, what is -3 + 890?
887
In base 16, what is -2 + 3b6?
3b4
In base 14, what is -4a + -6b?
-b7
In base 9, what is 7 - 2?
5
In base 16, what is -5d - 5?
-62
In base 4, what is 0 - 300?
-300
In base 12, what is 2 + -36?
-34
In base 11, what is 44a4 - 4?
44a0
In base 8, what is 4 + -737?
-733
In base 10, what is -4079 + -2?
-4081
In base 8, what is 2370 + 2?
2372
In base 7, what is -10 + 1043?
1033
In base 16, what is 3 - ac?
-a9
In base 3, what is -101000 - -101?
-100122
In base 8, what is 2 - 4?
-2
In base 14, what is -a0 + 4?
-9a
In base 6, what is -2 + 410?
404
In base 10, what is 650 - 0?
650
In base 10, what is 5313 + -4?
5309
In base 15, what is 95c + -3?
959
In base 7, what is -3 - -3?
0
In base 13, what is 5 - -313?
318
In base 11, what is 1 + -12a7?
-12a6
In base 12, what is -60 - -3?
-59
In base 5, what is 114 + -3?
111
In base 15, what is 23c - -23?
260
In base 13, what is -1513 - -4?
-150c
In base 8, what is -2657 - -5?
-2652
In base 12, what is 15 - 7?
a
In base 7, what is -6503 + -11?
-6514
In base 16, what is -16 - -3?
-13
In base 14, what is 3390 - 1?
338d
In base 3, what is -1000 + -12?
-1012
In base 13, what is -2 + 1116?
1114
In base 4, what is 11202 + -1?
11201
In base 10, what is 4322 - -3?
4325
In base 5, what is -112 - 22?
-134
In base 15, what is -65 - 4?
-69
In base 8, what is 3 + 62?
65
In base 15, what is -23 - -24?
1
In base 14, what is -4 + 3c?
38
In base 2, what is -10 - -1010101?
1010011
In base 8, what is 5 - 3?
2
In base 14, what is -10d - -1?
-10c
In base 5, what is -4 - -23121?
23112
In base 10, what is -1 - -436?
435
In base 16, what is 649 - 1?
648
In base 3, what is 112102 - 1201?
110201
In base 14, what is 1b + 3?
20
In base 9, what is 21 + -1?
20
In base 4, what is 32 - 1?
31
In base 3, what is -221010 - 22?
-221102
In base 8, what is -3 + 3764?
3761
